97?
53, 59, 198811
List the prime factors of 5240357.
5240357
What are the prime factors of 4443696?
2, 3, 30859
What are the prime factors of 88097237?
61, 1444217
List the prime factors of 130725213.
3, 1277, 34123
What are the prime factors of 806968192?
2, 31, 47, 4327
What are the prime factors of 5743198?
2, 41, 70039
List the prime factors of 81362912.
2, 2542591
List the prime factors of 2024933123.
2389, 847607
List the prime factors of 56507145.
3, 5, 311, 12113
What are the prime factors of 1199029049?
191, 6277639
List the prime factors of 69128475.
3, 5, 13, 70901
List the prime factors of 2391231850.
2, 5, 7, 976013
List the prime factors of 223199684.
2, 263, 212167
List the prime factors of 120137714.
2, 151, 397807
List the prime factors of 5449638489.
3, 1816546163
What are the prime factors of 6848076184?
2, 61, 107, 131149
What are the prime factors of 24958428?
2, 3, 11, 17189
What are the prime factors of 1529637887?
1529637887
List the prime factors of 332873475.
3, 5, 11, 403483
List the prime factors of 7919023587.
3, 2639674529
What are the prime factors of 4021549?
7, 574507
List the prime factors of 142985099.
3733, 38303
What are the prime factors of 4559928720?
2, 3, 5, 47, 404249
List the prime factors of 255478069.
7, 11, 301627
What are the prime factors of 436150667?
436150667
List the prime factors of 156722121.
3, 37, 17431
What are the prime factors of 41131472?
2, 2570717
What are the prime factors of 177213731?
177213731
List the prime factors of 2107244853.
3, 7, 13931
What are the prime factors of 123738052?
2, 30934513
What are the prime factors of 47624025?
3, 5, 101, 6287
What are the prime factors of 579917149?
7, 53, 1563119
List the prime factors of 132816730.
2, 5, 2347, 5659
List the prime factors of 5324160947.
7, 61, 563, 22147
What are the prime factors of 780757112?
2, 97594639
What are the prime factors of 2357386845?
3, 5, 11, 443, 32251
What are the prime factors of 10572529?
11, 961139
List the prime factors of 702610956.
2, 3, 19, 29, 11807
What are the prime factors of 370444057?
29, 433, 29501
What are the prime factors of 37169343?
3, 4129927
What are the prime factors of 94576277?
94576277
List the prime factors of 84165022.
2, 19, 2214869
What are the prime factors of 1368823635?
3, 5, 29, 109, 9623
What are the prime factors of 331931625?
3, 5, 37, 47, 509
List the prime factors of 1667449208.
2, 79, 2638369
List the prime factors of 150416443.
4657, 32299
What are the prime factors of 60848733?
3, 11, 1843901
What are the prime factors of 1097457544?
2, 1531, 89603
List the prime factors of 764692425.
3, 5, 7, 485519
What are the prime factors of 9987201?
3, 7, 158527
What are the prime factors of 4212130?
2, 5, 13, 32401
What are the prime factors of 125727859?
307, 541, 757
List the prime factors of 1230003631.
10093, 121867
List the prime factors of 304866220.
2, 5, 15243311
What are the prime factors of 16910646?
2, 3, 19, 148339
What are the prime factors of 1943402239?
59, 32939021
What are the prime factors of 3023311955?
5, 7703, 78497
List the prime factors of 5661473538.
2, 3, 7, 79, 1706291
What are the prime factors of 79357875?
3, 5, 431, 491
What are the prime factors of 1335877697?
7, 11, 17, 23, 44371
List the prime factors of 1778737066.
2, 10037, 88609
List the prime factors of 479852.
2, 119963
What are the prime factors of 19729412?
2, 97, 50849
What are the prime factors of 38788675?
5, 233, 6659
List the prime factors of 2247135611.
7, 313, 1025621
What are the prime factors of 20733529?
89, 232961
What are the prime factors of 133167241?
133167241
What are the prime factors of 804071061?
3, 43, 2077703
List the prime factors of 2925015.
3, 5, 109, 1789
What are the prime factors of 77880255?
3, 5, 71, 73127
What are the prime factors of 78830056?
2, 61, 67, 2411
List the prime factors of 828826599.
3, 276275533
List the prime factors of 94352313.
3, 11, 31, 149, 619
What are the prime factors of 5645367291?
3, 1881789097
What are the prime factors of 102236824?
2, 2203, 5801
List the prime factors of 43657683.
3, 17, 103, 8311
List the prime factors of 335098306.
2, 29, 5777557
List the prime factors of 747343685.
5, 11, 677, 20071
List the prime factors of 95427994.
2, 19, 1039, 2417
What are the prime factors of 1972866058?
2, 43, 22940303
List the prime factors of 81605361.
3, 19, 31, 46183
List the prime factors of 78515271.
3, 337, 8629
List the prime factors of 44188315.
5, 29, 193, 1579
What are the prime factors of 53274876?
2, 3, 47, 59, 1601
List the prime factors of 571856778.
2, 3, 17, 1868813
What are the prime factors of 392983077?
3, 130994359
What are the prime factors of 40255062?
2, 3, 6709177
What are the prime factors of 64867784?
2, 17, 28057
What are the prime factors of 70162154?
2, 43, 18973
What are the prime factors of 26117882?
2, 7, 17, 61, 257
What are the prime factors of 498500329?
498500329
List the prime factors of 310279035.
3, 5, 11, 983, 1913
List the prime factors of 54625206.
2, 3, 599, 15199
List the prime factors of 493125927.
3, 7, 47, 499621
What are the prime factors of 295375758?
2, 3, 4591, 10723
What are the prime factors of 3382420?
2, 5, 131, 1291
List the prime factors of 562256222.
2, 11, 25557101
What are the prime factors of 192734301?
3, 64244767
List the prime factors of 31699592.
2, 307, 12907
What are the prime factors of 352492889?
7, 50356127
List the prime factors of 754534688.
2, 19, 23, 79, 683
List the prime factors of 394228695.
3, 5, 7, 937, 4007
What are the prime factors of 4520282286?
2, 3, 13, 17, 19, 59, 3041
What are the prime factors of 9889135?
5, 1977827
List the prime factors of 966026426.
2, 71, 151, 45053
List the prime factors of 474023735.
5, 94804747
What are the prime factors of 51309683?
6661, 7703
List the prime factors of 850383871.
1571, 541301
What are the prime factors of 1619642205?
3, 5, 35992049
What are the prime factors of 31881655?
5, 13, 73, 6719
What are the prime factors of 5311799127?
3, 65577767
List the prime factors of 863537129.
7, 13, 9489419
List the prime factors of 2728692058.
2, 37, 313, 117809
List the prime factors of 3412473300.
2, 3, 5, 317, 443
List the prime factors of 212662622.
2, 17, 6254783
What are the prime factors of 71142183?
3, 7, 311, 3631
What are the prime factors of 82714481?
521, 158761
List the prime factors of 8348458.
2, 37, 101, 1117
What are the prime factors of 4732783623?
3, 23, 22863689
List the prime factors of 359352081.
3, 11, 1583, 2293
List the prime factors of 1252783386.
2, 3, 69599077
What are the prime factors of 90825192?
2, 3, 199, 2113
What are the prime factors of 178727785?
5, 239, 149563
What are the prime factors of 68269580?
2, 5, 181, 18859
What are the prime factors of 365838006?
2, 3, 31, 1966871
List the prime factors of 3074625.
3, 5, 911
What are the prime factors of 1188984779?
1188984779
What are the prime factors of 4553187016?
2, 7, 11615273
What are the prime factors of 4333460895?
3, 5, 96299131
List the prime factors of 693077716.
2, 173269429
List the prime factors of 17659220.
2, 5, 882961
List the prime factors of 31546502.
2, 13, 1213327
List the prime factors of 54187540.
2, 5, 11, 23, 10709
What are the prime factors of 1450785347?
11, 157, 840061
List the prime factors of 1844314855.
5, 368862971
What are the prime factors of 470035919?
31, 15162449
What are the prime factors of 1260049638?
2, 3, 19, 41, 71, 3797
List the prime factors of 985036998.
2, 3, 11, 47, 103, 3083
What are the prime factors of 37258394?
2, 139, 223, 601
List the prime factors of 183723986.
2, 83, 1106771
What are the prime factors of 302610851?
302610851
What are the prime factors of 582178010?
2, 5, 58217801
List the prime factors of 2894392099.
2894392099
List the prime factors of 5221969.
5221969
What are the prime factors of 16950990?
2, 3, 5, 7, 53, 1523
List the prime factors of 674374029.
3, 7, 379, 84731
What are the prime factors of 33669741?
3, 7, 17, 37, 2549
List the prime factors of 4048133.
37, 2957
What are the prime factors of 1242434966?
2, 19, 32695657
List the prime factors of 104426342.
2, 17, 59, 52057
What are the prime factors of 1793918848?
2, 2003, 6997
List the prime factors of 151341